st the prime factors of (q/(-2))/(2/4).
5
Suppose 3*x + 19 = 5*b, 8 + 12 = 4*b - 4*x. What are the prime factors of 7 + (2300/b - -5)?
2, 7, 83
Suppose -q = -3*r - 3*q + 32, -3*q - 12 = -3*r. Let j(p) = p**3 - 4*p**2 - 3*p - 18. List the prime factors of j(r).
2, 107
Let l(y) be the first derivative of -5*y**4/8 + y**3/2 - 5*y**2 + 12. Let b(v) be the second derivative of l(v). List the prime factors of b(-5).
2, 3, 13
Let n(d) = d + 19. Let w be n(-16). Let k(b) = 7*b**2 + 9 + 4 + 0*b**3 + 3*b**2 + b**w. List the prime factors of k(-10).
13
Suppose -p + 4 = -3*h, -3*p + 12 = -6*h + 3*h. Suppose 2*d - 536 - 804 = h. Let c = d + -433. What are the prime factors of c?
3, 79
Let q(v) = -1361*v - 732. List the prime factors of q(-6).
2, 3, 7, 59
Let u(m) = 57*m - 63. Let o be u(-13). Let n = -434 - o. What are the prime factors of n?
2, 5, 37
Let s(f) = 557*f + 8216. List the prime factors of s(7).
5, 2423
Let c(y) = 69*y**2 - 131*y - 1873. List the prime factors of c(-16).
31, 577
Suppose 136*r - 68*r + 84*r - 1793296 = 0. List the prime factors of r.
2, 17, 347
Let n(r) = -r**3 - 9*r**2 + 132*r - 40. What are the prime factors of n(-21)?
2, 5, 31
Let y be 336/(-40) + 15/(-25). Let l(o) = 34 + 31*o + 3*o**2 + 4*o**2 - 41. List the prime factors of l(y).
281
Let b be -3 + 4 + -4 + 24. Suppose 5*k - 104 - b = -5*a, -k + 3*a = -17. Suppose k*q - 380 = 21*q. List the prime factors of q.
2, 5, 19
Suppose -5*u + 8 = -6*j + 4*j, 2*u - 5*j + 1 = 0. Suppose -u*g + 1880 = -k + 2*k, 3*g = -4*k + 2815. What are the prime factors of g?
941
Let d(z) = -3*z - 22. Let k be d(-9). Suppose k*b = 12*b - 35. Suppose -f - 3 = -3*w, -b*f + 23 = 4*w - 0*w. What are the prime factors of w?
2
Suppose 3*w - 11772 = 30*w. Let y = 567 + w. List the prime factors of y.
131
Let g = -100 - -99. Let t(a) = -55*a + 2. Let p be t(g). Suppose 5*d + p = 617. List the prime factors of d.
2, 7
Suppose -22*d + 11546 = d. Let t = d - 365. List the prime factors of t.
137
Suppose -7107 = -g - 4*w, 48*w - 50*w - 2 = 0. What are the prime factors of g?
13, 547
Let z(q) = 5*q**2 - 7*q - 18. Suppose 12*a = 56 + 52. Let b be z(a). Suppose -808 + b = -4*f. What are the prime factors of f?
11
Suppose 0 = j + 9*j - 40. Suppose 0 = j*i + 757 - 3137. List the prime factors of i.
5, 7, 17
List the prime factors of (-1)/3 + ((-238)/51 - -5) - -24665.
5, 4933
Let t = 31 - 32. Let o(z) = -65*z - 2. Let v be o(t). Let p = v - -37. List the prime factors of p.
2, 5
Suppose 4*y - 111 = 2*y - 5*i, 3*y - 189 = -3*i. Suppose y*g + 10860 = 74*g. List the prime factors of g.
2, 5, 181
Suppose 26*m - 4053 = 19*m. Let z = -495 + m. List the prime factors of z.
2, 3, 7
Suppose 2*b = -4*c + 1190 - 58, -2*b = -4*c + 1124. Let l = 146 + c. List the prime factors of l.
2, 107
Let c(w) = -w + 18. Let u(y) = y**2 + 3*y - 10. Let t = -21 + 16. Let i be u(t). List the prime factors of c(i).
2, 3
Let u(i) = 277*i - 6. Suppose -20 = -5*j, 0 = -v - 2*j + 6 + 4. What are the prime factors of u(v)?
2, 137
Let a(i) = -45*i**2 - 1172*i - 23. What are the prime factors of a(-17)?
2, 431
Suppose -4*n + 1350 + 34867 = -5*v, 4*v = -n + 9028. List the prime factors of n.
2, 3, 13, 29
Let f(c) = 2*c**2 - 10*c + 16. Let p be f(4). Suppose y = -p*y - 126. What are the prime factors of 337/(-8)*-2 + y/56?
2, 3, 7
Let m = -55 - 39. Let a = m - -92. List the prime factors of 1*a*(456/3)/(-4).
2, 19
Suppose -2*a = -p - 47438, -4*a - 45*p + 50*p = -94870. What are the prime factors of a?
2, 5, 593
Let w = 15861 - 7314. List the prime factors of w.
3, 7, 11, 37
Let h(q) = -131*q - 29. Let i be h(-4). Suppose d = -2*d + i. What are the prime factors of d?
3, 5, 11
Suppose -3*w - 33*t = -30*t - 5349, -5*w + 8927 = 2*t. List the prime factors of w.
1787
Let a = 19374 - 11576. What are the prime factors of a?
2, 7, 557
Let l = 145 + 161. Let q = 409 + l. List the prime factors of q.
5, 11, 13
Suppose -4*u + 4*c + 62493 = -1115, 2*c + 8 = 0. List the prime factors of u.
2, 7949
Suppose 121 = -6*z + 133. Suppose 5*t = -3*k + 661 - 42, 254 = z*t - 2*k. What are the prime factors of t?
5
Let d(p) = p + 32. Let b be d(-17). Suppose 3430 = b*n - 10*n + 5*a, 4*a = 2*n - 1390. What are the prime factors of n?
13, 53
Let m = 38826 + -22941. List the prime factors of m.
3, 5, 353
Let x = 126451 - 54547. List the prime factors of x.
2, 3, 7, 107
Suppose 0 + 6 = 2*s + 4*y, s + 5*y = 0. Suppose 6*x = 4*r + 2*x - 160, s*x = r - 56. Let f = 38 + r. What are the prime factors of f?
2, 37
Let d = -1445 + 1628. What are the prime factors of d?
3, 61
Let c = -3185 + 5561. What are the prime factors of c?
2, 3, 11
Suppose -80 = 2*f - 3*r, 3*f + 85 = -4*r - 52. What are the prime factors of (f + 0)/(2/6*-3)?
43
Suppose -3*x + 3*m + 16106 = 3122, 0 = -4*x + m + 17315. List the prime factors of x.
3, 13, 37
Let d = -15 - 2. Let g = d + 19. Suppose 25 - 180 = -3*m + o, -g*m + 106 = -2*o. What are the prime factors of m?
3, 17
Suppose 741*k = 690*k + 388773. What are the prime factors of k?
3, 7, 11
Let z(a) = 10*a**2 - 80*a + 37. Let j(g) = -5*g**2 + 39*g - 18. Let m(l) = -5*j(l) - 2*z(l). List the prime factors of m(16).
2, 23
Let l(o) = o**2 - 24*o + 5. Let r be l(24). Suppose -r*z - 15 = 0, -4*v - z + 2591 = -6*z. List the prime factors of v.
2, 7, 23
Let f(d) = d**3 + 5*d**2 - 4*d + 8. Let m be f(-6). What are the prime factors of 4 - (m + 1 - (-2230)/(-10))?
2, 5, 23
Suppose 274822 + 182355 = 66*f - 654527. List the prime factors of f.
2, 4211
Let h(r) = r**3 + 16*r**2 - 16*r - 3. Suppose 10*u = -5 - 115. List the prime factors of h(u).
3, 5, 17
Suppose -2*c = -27*c + 99825. List the prime factors of c.
3, 11
Let m = -411 - -418. List the prime factors of 927 - (-4 + -2 + m).
2, 463
Let b(i) = -i - 1. Let y be b(-4). Suppose -3*g + 1206 = n, g + y*n - 8*n - 402 = 0. Suppose 33*v = 31*v + g. List the prime factors of v.
3, 67
Let g(a) = -5*a + 193. Let y be g(37). Suppose 3312 = t + y*t. List the prime factors of t.
2, 23
Let b(h) = 75*h + 7526. List the prime factors of b(88).
2, 7, 1009
Suppose -v + 62904 = 4*z, -21*v - 62912 = -4*z - 20*v. What are the prime factors of z?
15727
Let u(v) = -5*v + 30. Let g be u(-7). Suppose -2*d + g - 119 = 0. Let m = -10 - d. What are the prime factors of m?
17
Let h(w) = 11 - 10*w + 39*w**2 - 38*w**2 - 9 - 3*w. What are the prime factors of h(-7)?
2, 71
Let d be (2 + -8)/3 + -6. Let l be 218/d + (-4)/(-16). List the prime factors of l/18*244/(-3).
2, 61
Let d(l) = 2*l**2 + 26*l - 1. Let m(c) = -5*c**2 - 52*c + 2. Let u(g) = 9*d(g) + 4*m(g). What are the prime factors of u(12)?
23
Let d(z) = -z**3 - 6*z**2 - 15*z - 20. Let x(p) = -p**3 - p + 2. Let l be x(2). List the prime factors of d(l).
2, 3, 19
Suppose 16047 + 15996 = k - 5*b, -128229 = -4*k + b. What are the prime factors of k?
2, 3, 13, 137
Suppose -3*t - 15 = -4*k - 4*t, -5*t = -15. Suppose 12*f + d - 4422 = 8*f, f - k*d = 1112. What are the prime factors of f?
2, 7, 79
Suppose 0 = -906*d + 898*d - 256. Suppose 442 = -4*f - 2*t + 5*t, -t - 338 = 3*f. Let k = d - f. What are the prime factors of k?
2, 5
Let b = 41 - 26. Suppose 5*u - 2*f = -6*f + 3, 4*u - f = b. Suppose 2*c = -5*p + 134, 75 = u*p + 2*c + c. What are the prime factors of p?
2, 7
Let l = 476 - 457. What are the prime factors of (8 - l)*-44 - -6?
2, 5, 7
List the prime factors of (-180)/(-4050) - 417506/(-90).
4639
Let r be (-2)/17 + (-5 - 197911/(-119)). Let j = -1061 + r. List the prime factors of j.
3, 199
Suppose 0 = k - m - 34258, 86575 = 5*k + 3*m - 84715. What are the prime factors of k?
2, 7, 2447
Suppose -57*g + 75446 = -3157. List the prime factors of g.
7, 197
Let b(c) = c**2 + 8*c + 224. List the prime factors of b(60).
2, 269
Let h = -22327 - -37177. List the prime factors of h.
2, 3, 5, 11
Let i be -3*3/27*3. Let n(m) = -53*m**3 + 3*m + 2. Let p be n(i). Suppose -264 = -4*t + p. List the prime factors of t.
79
Let h be -51*4/24 - (-4)/(-8). Let s(l) be the second derivative of l**5/20 + 11*l**4/12 + 5*l**3/3 - 21*l**2/2 - 8*l. List the prime factors of s(h).
3, 17
Let k = -64 + 65. What are the prime factors of (-4 - -8 - k) + 624 + 2?
17, 37
Let m(y) = 75*y - y + 69 + 12*y + 64*y. What are the prime factors of m(5)?
3, 7, 13
Let b(p) = -107*p**2 - p + 5. Suppose 10 = 2*u + 3*z, -13*z + 